1
What are the prime factors of 1596781770?
2, 3, 5, 1013, 52543
List the prime factors of 22676804.
2, 19, 23, 12973
List the prime factors of 2283444145.
5, 1171, 389999
What are the prime factors of 121170715?
5, 24234143
What are the prime factors of 557491591?
17, 131, 167, 1499
What are the prime factors of 3022618821?
3, 1559, 646273
List the prime factors of 1117636843.
1117636843
What are the prime factors of 401105182?
2, 499, 401909
List the prime factors of 52824415.
5, 7, 1509269
What are the prime factors of 5438138?
2, 29, 93761
List the prime factors of 1678069287.
3, 186452143
What are the prime factors of 18937230?
2, 3, 5, 13, 59, 823
List the prime factors of 51388913.
43, 1195091
List the prime factors of 136883337.
3, 17, 2683987
List the prime factors of 116057520.
2, 3, 5, 359, 449
What are the prime factors of 7741988?
2, 373, 5189
What are the prime factors of 24899403?
3, 227, 36563
List the prime factors of 308651419.
308651419
What are the prime factors of 110948486?
2, 11, 19, 265427
What are the prime factors of 508194026?
2, 19, 73, 167, 1097
What are the prime factors of 306330947?
13, 97, 242927
List the prime factors of 24612965.
5, 13, 378661
List the prime factors of 414215518.
2, 37, 59, 94873
List the prime factors of 3687548.
2, 921887
What are the prime factors of 982015731?
3, 4041217
What are the prime factors of 88560083?
19, 4661057
What are the prime factors of 1846983144?
2, 3, 76957631
List the prime factors of 4062713708.
2, 313, 461, 7039
List the prime factors of 29318214.
2, 3, 107, 45667
List the prime factors of 67443949.
269, 250721
What are the prime factors of 579471364?
2, 144867841
List the prime factors of 272176665.
3, 5, 97, 283, 661
What are the prime factors of 552353892?
2, 3, 46029491
List the prime factors of 2074693744.
2, 129668359
What are the prime factors of 708296676?
2, 3, 541, 109103
List the prime factors of 4941438180.
2, 3, 5, 7, 29, 405701
What are the prime factors of 338059054?
2, 1459, 115853
List the prime factors of 1136847776.
2, 35526493
List the prime factors of 1376990122.
2, 29, 23741209
List the prime factors of 5350483284.
2, 3, 23, 19385809
What are the prime factors of 28224071?
28224071
What are the prime factors of 176221561?
19, 23, 403253
List the prime factors of 1256335239.
3, 47, 8910179
List the prime factors of 100196097.
3, 33398699
What are the prime factors of 73436966?
2, 36718483
What are the prime factors of 46795316?
2, 349, 33521
List the prime factors of 13173132.
2, 3, 7, 156823
List the prime factors of 73576702.
2, 19, 31, 62459
What are the prime factors of 4016538?
2, 3, 227, 983
List the prime factors of 346290746.
2, 173145373
List the prime factors of 2259163208.
2, 282395401
List the prime factors of 358980649.
358980649
What are the prime factors of 725595128?
2, 197, 460403
List the prime factors of 2131415465.
5, 29, 1879, 7823
What are the prime factors of 194154085?
5, 31, 73, 17159
What are the prime factors of 2005285457?
7, 113, 362161
What are the prime factors of 4026289153?
29, 503, 276019
What are the prime factors of 173366512?
2, 11, 179, 5503
What are the prime factors of 117375222?
2, 3, 19562537
What are the prime factors of 147078769?
6581, 22349
List the prime factors of 312418020.
2, 3, 5, 5206967
What are the prime factors of 3524350616?
2, 67, 6575281
List the prime factors of 6904225.
5, 277, 997
List the prime factors of 33174132.
2, 3, 241, 11471
What are the prime factors of 843560330?
2, 5, 5839, 14447
List the prime factors of 8764952.
2, 7, 281, 557
List the prime factors of 83017301.
83017301
What are the prime factors of 703628485?
5, 7, 410279
List the prime factors of 15918403.
463, 34381
What are the prime factors of 18952401?
3, 13, 485959
What are the prime factors of 1281679588?
2, 7, 45774271
List the prime factors of 1716441587.
7, 1451, 168991
List the prime factors of 690052280.
2, 5, 17251307
List the prime factors of 192491450.
2, 5, 3849829
What are the prime factors of 2072330560?
2, 5, 719, 9007
List the prime factors of 5856898969.
14071, 416239
List the prime factors of 121066978.
2, 60533489
What are the prime factors of 4690939026?
2, 3, 781823171
List the prime factors of 390342684.
2, 3, 32528557
What are the prime factors of 159542740?
2, 5, 7, 31, 36761
What are the prime factors of 15634328?
2, 1954291
What are the prime factors of 3935226959?
83, 47412373
What are the prime factors of 22426607?
7, 43, 74507
What are the prime factors of 94246840?
2, 5, 19, 269, 461
What are the prime factors of 397636011?
3, 239, 401, 461
List the prime factors of 1413871653.
3, 31, 1669, 9109
List the prime factors of 270296080.
2, 5, 3378701
List the prime factors of 14106406.
2, 23, 306661
What are the prime factors of 520751873?
520751873
What are the prime factors of 42841319?
2179, 19661
List the prime factors of 288923801.
288923801
List the prime factors of 24440194.
2, 19, 379, 1697
List the prime factors of 64623744.
2, 3, 23, 271
List the prime factors of 3279784001.
13, 53, 4760209
List the prime factors of 8643376.
2, 7, 229, 337
What are the prime factors of 68400028?
2, 101, 169307
List the prime factors of 1564465794.
2, 3, 260744299
List the prime factors of 816800097.
3, 2441, 111539
What are the prime factors of 93547538?
2, 7, 6681967
What are the prime factors of 102123?
3, 7, 1621
What are the prime factors of 585886587?
3, 11, 13, 1365703
List the prime factors of 55743623.
13, 4287971
List the prime factors of 149950670.
2, 5, 14995067
List the prime factors of 2342986098.
2, 3, 7603, 51361
List the prime factors of 511304.
2, 63913
What are the prime factors of 34701389?
233, 148933
List the prime factors of 776327763.
3, 17, 23, 97, 6823
List the prime factors of 1277295889.
1277295889
List the prime factors of 31095736.
2, 7, 53, 10477
List the prime factors of 54391032.
2, 3, 47, 16073
List the prime factors of 188337882.
2, 3, 31389647
What are the prime factors of 43486783?
43486783
List the prime factors of 130067047.
11, 23, 41, 12539
What are the prime factors of 1128887947?
11, 761, 134857
What are the prime factors of 158887923?
3, 523, 101267
What are the prime factors of 308817097?
251, 1230347
List the prime factors of 6565613.
37, 61, 2909
List the prime factors of 225739733.
23, 9814771
List the prime factors of 259340470.
2, 5, 25934047
What are the prime factors of 611192629?
241, 821, 3089
List the prime factors of 142085194.
2, 2011, 35327
List the prime factors of 1043672493.
3, 109, 683, 4673
List the prime factors of 150300786.
2, 3, 211, 227, 523
What are the prime factors of 592212950?
2, 5, 7, 1049, 1613
List the prime factors of 6503036.
2, 1625759
List the prime factors of 57298355.
5, 11459671
List the prime factors of 2188828704.
2, 3, 22800299
List the prime factors of 46947844.
2, 11736961
List the prime factors of 2608632213.
3, 11, 131, 603431
What are the prime factors of 103494604?
2, 601, 43051
What are the prime factors of 278929854?
2, 3, 7, 521, 607
List the prime factors of 6715232.
2, 209851
What are the prime factors of 1651506001?
313, 5276377
List the prime factors of 1219067463.
3, 406355821
List the prime factors of 231957413.
231957413
What are the prime factors of 66698701?
17, 31, 67, 1889
List the prime factors of 751628092.
2, 61, 3080443
What are the prime factors of 232292584?
2, 281, 103333
What are the prime factors of 200433314?
2, 67, 1495771
List the prime factors of 8883075.
3, 5, 83, 1427
List the prime factors of 65646951.
3, 421, 51977
What are the prime factors of 6716982?
2, 3, 701, 1597
List the prime factors of 23242647.
3, 61, 107, 1187
List the prime factors of 8261661.
3, 2753887
What are the prime factors of 24706815?
3, 5, 7, 167, 1409
List the prime factors of 102261144.
2, 3, 523, 8147
What are the prime factors of 4110164?
2, 263, 3907
What are the prime factors of 1885631833?
769, 2452057
List the prime factors of 3690180705.
3, 5, 246012047
List the prime factors of 602670735.
3, 5, 1481, 9043
What are the prime factors of 1215861390?
2, 3, 5, 283, 47737
List the prime factors of 100873030.
2, 5, 10087303
List the prime factors of 5052131813.
61, 3517, 23549
What are the prime factor